{"id":142,"date":"2022-03-15T11:51:17","date_gmt":"2022-03-15T11:51:17","guid":{"rendered":"https:\/\/neusser-gold.de\/?page_id=142"},"modified":"2023-01-26T11:24:58","modified_gmt":"2023-01-26T10:24:58","slug":"der-bien","status":"publish","type":"page","link":"https:\/\/neusser-gold.de\/?page_id=142","title":{"rendered":"Der Bien"},"content":{"rendered":"<p><b>Das Bienenvolk (oder der \u201aBien\u2018)<\/b><\/p>\n<p>Ein Volk von Honigbienen, auch <strong>Bien<\/strong> genannt, besteht zur Hochsaison Mitte Mai aus bis zu 50.000 Bienen. Was auf den ersten Blick wie ein heilloses Durcheinander wirkt, ist in Wahrheit ein durchorganisierter Superorganismus, in dem sich alle bedingungslos hinter ein Ziel stellen, das \u00dcberleben des Bienenvolks zu sichern.<\/p>\n<p>Alle Mitglieder des Staates, ob K\u00f6nigin, Arbeiterinnen oder Drohnen, haben dabei eine klare Rollenverteilung.<\/p>\n<p>Da das Zusammenwirken der vielen tausend Bienen so perfekt wirk und scheinbare jede einzelne Biene genau wei\u00df, was sie zu tun hat, wirkt das ganze Bienenvolk wie eine geschlossene Ordnung, wie einzelner Organismus.<\/p>\n<p>\u00a0<\/p>\n<style>\/*! elementor - v3.10.1 - 17-01-2023 *\/\n.elementor-widget-image{text-align:center}.elementor-widget-image a{display:inline-block}.elementor-widget-image a img[src$=\".svg\"]{width:48px}.elementor-widget-image img{vertical-align:middle;display:inline-block}<\/style>\n<p>\t\t\t\t\t\t\t\t\t\t\t\t<img decoding=\"async\" width=\"1024\" height=\"680\" src=\"https:\/\/neusser-gold.de\/wp-content\/uploads\/2023\/01\/honeycomb-827475_1920-1024x680.jpg\" alt=\"\" loading=\"lazy\" srcset=\"https:\/\/neusser-gold.de\/wp-content\/uploads\/2023\/01\/honeycomb-827475_1920-1024x680.jpg 1024w, https:\/\/neusser-gold.de\/wp-content\/uploads\/2023\/01\/honeycomb-827475_1920-300x199.jpg 300w, https:\/\/neusser-gold.de\/wp-content\/uploads\/2023\/01\/honeycomb-827475_1920-768x510.jpg 768w, https:\/\/neusser-gold.de\/wp-content\/uploads\/2023\/01\/honeycomb-827475_1920-1536x1020.jpg 1536w, https:\/\/neusser-gold.de\/wp-content\/uploads\/2023\/01\/honeycomb-827475_1920.jpg 1920w\" sizes=\"auto, (max-width: 1024px) 100vw, 1024px\" \/>\t\t\t\t\t\t\t\t\t\t\t\t\t\t\t<\/p>\n<p><b>Die Arbeiterinnen<\/b><\/p>\n<p>Der weitaus gr\u00f6\u00dfte Teil der Bienen in einem Stock sind die <b>Arbeiterinnen<\/b>.<\/p>\n<p>Jede von ihnen w\u00e4chst in einer Wabenzelle in nur 21 Tagen aus einem winzig kleinen Ei heran und\u00a0 beginnt unmittelbar nach dem Schlupf ihrem Namen sprichw\u00f6rtlich gerecht werden: arbeiten bis zum Umfallen! In den sechs Wochen ihres Sommerlebens \u2013 im ruhigeren Winter wird sie \u00e4lter \u2013 \u00fcbernimmt sie in Abh\u00e4ngigkeit vom Alter beinahe alle wichtigen Aufgaben im Stock.<\/p>\n<p>Als junge Biene bleibt sie zun\u00e4chst bis zu drei Wochen im Stock, putzt die Zellen, nimmt den Sammelbienen Nektar und Pollen ab, f\u00fcttert damit Alt- und Jungmaden, baut neue Waben aus Wachs, reguliert die Temperatur und Luftfeuchtigkeit im Stock und wird schlie\u00dflich zur Wachbiene am Stockeingang. Erst in der zweiten Lebensh\u00e4lfte ist sie vorrangig Sammelbiene im Au\u00dfendienst, sucht die Umgebung nach Nektar, Bl\u00fctenstaub (Pollen) und Wasser ab.<\/p>\n<p>\t\t\t\t\t\t\t\t\t\t\t\t\t\t\t<img decoding=\"async\" width=\"1024\" height=\"683\" src=\"https:\/\/neusser-gold.de\/wp-content\/uploads\/2023\/01\/honey-bees-401238_1920-1024x683.jpg\" alt=\"\" loading=\"lazy\" srcset=\"https:\/\/neusser-gold.de\/wp-content\/uploads\/2023\/01\/honey-bees-401238_1920-1024x683.jpg 1024w, https:\/\/neusser-gold.de\/wp-content\/uploads\/2023\/01\/honey-bees-401238_1920-300x200.jpg 300w, https:\/\/neusser-gold.de\/wp-content\/uploads\/2023\/01\/honey-bees-401238_1920-768x512.jpg 768w, https:\/\/neusser-gold.de\/wp-content\/uploads\/2023\/01\/honey-bees-401238_1920-1536x1025.jpg 1536w, https:\/\/neusser-gold.de\/wp-content\/uploads\/2023\/01\/honey-bees-401238_1920.jpg 1920w\" sizes=\"auto, (max-width: 1024px) 100vw, 1024px\" \/>\t\t\t\t\t\t\t\t\t\t\t\t\t\t\t<\/p>\n<p><b>Der Drohn<\/b><\/p>\n<p>Drohnen sind m\u00e4nnliche Bienen, die im Gegensatz zu den Arbeiterinnen aus einem unbefruchteten Ei heranwachsen. Ihre einzige Lebensaufgabe besteht darin, eine junge jungfr\u00e4uliche Bienenk\u00f6nigin zu befruchten.<\/p>\n<p>Drohnen beteiligen sich an keinen anderen Arbeiten im Bienenstock und werden sogar von den Arbeiterinnen gef\u00fcttert. Aber nicht f\u00fcr ewig!<\/p>\n<p>Da die Bienen ab ca. Mitte Juli keine weiteren Jungk\u00f6niginnen heranziehen, braucht es ab diesem Zeitpunkt auch keine Drohnen mehr und es beginnt die sogenannte &#8222;Drohnenschlacht\u201e, bei der die Arbeiterinnen alle Drohnen aus dem Bienenstock vertreiben, wo sie verenden.<\/p>\n<p>Bildquelle: pixabay\t\t<\/p>\n<style>\/*! elementor - v3.10.1 - 17-01-2023 *\/\n.elementor-column .elementor-spacer-inner{height:var(--spacer-size)}.e-con{--container-widget-width:100%}.e-con-inner>.elementor-widget-spacer,.e-con>.elementor-widget-spacer{width:var(--container-widget-width,var(--spacer-size));--align-self:var(--container-widget-align-self,initial);--flex-shrink:0}.e-con-inner>.elementor-widget-spacer>.elementor-widget-container,.e-con-inner>.elementor-widget-spacer>.elementor-widget-container>.elementor-spacer,.e-con>.elementor-widget-spacer>.elementor-widget-container,.e-con>.elementor-widget-spacer>.elementor-widget-container>.elementor-spacer{height:100%}.e-con-inner>.elementor-widget-spacer>.elementor-widget-container>.elementor-spacer>.elementor-spacer-inner,.e-con>.elementor-widget-spacer>.elementor-widget-container>.elementor-spacer>.elementor-spacer-inner{height:var(--container-widget-height,var(--spacer-size))}<\/style>\n<p>\t\t\t\t\t\t\t\t\t\t\t\t\t\t\t<img decoding=\"async\" width=\"1024\" height=\"683\" src=\"https:\/\/neusser-gold.de\/wp-content\/uploads\/2022\/03\/Drohn-1024x683.jpg\" alt=\"\" loading=\"lazy\" srcset=\"https:\/\/neusser-gold.de\/wp-content\/uploads\/2022\/03\/Drohn-1024x683.jpg 1024w, https:\/\/neusser-gold.de\/wp-content\/uploads\/2022\/03\/Drohn-300x200.jpg 300w, https:\/\/neusser-gold.de\/wp-content\/uploads\/2022\/03\/Drohn-768x512.jpg 768w, https:\/\/neusser-gold.de\/wp-content\/uploads\/2022\/03\/Drohn-1536x1024.jpg 1536w, https:\/\/neusser-gold.de\/wp-content\/uploads\/2022\/03\/Drohn.jpg 1920w\" sizes=\"auto, (max-width: 1024px) 100vw, 1024px\" \/>\t\t\t\t\t\t\t\t\t\t\t\t\t\t\t<\/p>\n<p><b>Die <\/b><b>Bienenk\u00f6nigin<\/b><\/p>\n<p>Ohne die Bienenk\u00f6nigin gibt es kein Bienenvolk. Doch anders als der Name vermuten l\u00e4sst, regiert sie das Volk nicht. Wie jede andere Biene eines Staates hat die Bienenk\u00f6nigin Aufgaben zu erf\u00fcllen, in dem Fall das Legen von Eiern.<\/p>\n<p>Um das zu k\u00f6nnen, fliegt sie am Anfang ihres Lebens auf den sogenannten Hochzeitsflug, wo sie von zehn bis Drohnen begattet wird. Der dabei \u00fcbergebenen Spermienvorrat muss ein Leben lang halten.<\/p>\n<p>In der Hochzeiten der Volksentwicklung im Mai \/ Juni legt eine K\u00f6nigin bis zu 2000 Eier am Tag. Das betr\u00e4gt fast doppelt soviel wie ihr eigenes K\u00f6rpergewicht.<\/p>\n<p>\t\t\t\t\t\t\t\t\t\t\t\t\t\t\t<img decoding=\"async\" width=\"1024\" height=\"686\" src=\"https:\/\/neusser-gold.de\/wp-content\/uploads\/2022\/03\/Koenigin_3-1024x686.jpg\" alt=\"\" loading=\"lazy\" srcset=\"https:\/\/neusser-gold.de\/wp-content\/uploads\/2022\/03\/Koenigin_3-1024x686.jpg 1024w, https:\/\/neusser-gold.de\/wp-content\/uploads\/2022\/03\/Koenigin_3-300x201.jpg 300w, https:\/\/neusser-gold.de\/wp-content\/uploads\/2022\/03\/Koenigin_3-768x514.jpg 768w, https:\/\/neusser-gold.de\/wp-content\/uploads\/2022\/03\/Koenigin_3-1536x1029.jpg 1536w, https:\/\/neusser-gold.de\/wp-content\/uploads\/2022\/03\/Koenigin_3-2048x1372.jpg 2048w\" sizes=\"auto, (max-width: 1024px) 100vw, 1024px\" \/>\t\t\t\t\t\t\t\t\t\t\t\t\t\t\t<\/p>\n<p><b>Der Bienenschwarm<\/b><\/p>\n<p>Der Bienenschwarm ist die nat\u00fcrliche Form eines Bienenvolkes, sich zu vermehren. Ab\u00a0 ca. Mitte\u00a0 Mai teilt sich das Bienenvolk und die H\u00e4lfte der Bienen schw\u00e4rmt aus, um sich eine neue Behausung zu suchen. Meist l\u00e4sst sich der Schwarm f\u00fcr ein paar Stunden in der N\u00e4he an einem Ast nieder, bis Kundschafterbienen ein neues Zuhause gefunden haben.<\/p>\n<p>Es ist ungeheuer beeindruckend, wenn bis zu 20.000 Bienen gleichzeitig als Wolke den Himmeln verdunkeln!<\/p>\n<p style=\"text-align: center;\">Falls Sie einen Schwarm sehen, bitte rufen Sie uns unter <br \/>0172\/211 5985<br \/>an. <br \/>Der Bienenschwarm wird ohne Betreuung mit gro\u00dfer Wahrscheinlichkeit sterben<\/p>\n<p>\t\t\t\t\t\t\t\t\t\t\t\t\t\t\t<img decoding=\"async\" width=\"1024\" height=\"981\" src=\"https:\/\/neusser-gold.de\/wp-content\/uploads\/2022\/03\/Bienenschwarm_2_mit-Text-1024x981.jpg\" alt=\"\" loading=\"lazy\" srcset=\"https:\/\/neusser-gold.de\/wp-content\/uploads\/2022\/03\/Bienenschwarm_2_mit-Text-1024x981.jpg 1024w, https:\/\/neusser-gold.de\/wp-content\/uploads\/2022\/03\/Bienenschwarm_2_mit-Text-300x287.jpg 300w, https:\/\/neusser-gold.de\/wp-content\/uploads\/2022\/03\/Bienenschwarm_2_mit-Text-768x736.jpg 768w, https:\/\/neusser-gold.de\/wp-content\/uploads\/2022\/03\/Bienenschwarm_2_mit-Text-1536x1472.jpg 1536w, https:\/\/neusser-gold.de\/wp-content\/uploads\/2022\/03\/Bienenschwarm_2_mit-Text.jpg 1745w\" sizes=\"auto, (max-width: 1024px) 100vw, 1024px\" \/>\t\t\t\t\t\t\t\t\t\t\t\t\t\t\t<\/p>\n<p><b>Die <\/b><b>Varroa-Milbe<\/b><\/p>\n<p>Die Varroamilbe sorgt in einer Imkerei f\u00fcr einen zunehmenden Verlust an Bienenv\u00f6lker. Die Milben befallen haupts\u00e4chlich die Brut der Bienenv\u00f6lker, in dem sie sich in die Brutzellen einnisten und die Brut sch\u00e4digen.<\/p>\n<p>Durch das Aussaugen verbreitet die Varroamilbe auch Krankheiten im Bienenvolk. Tote und fehlgebildete Bienen sind das Resultat.<\/p>\n<p>Imker versuchen im Jahresverlauf mit verschiedenen Methoden den Varroadruck des Volkes zu mindern. Bekannte Methoden sind die Ameisens\u00e4ure- und Oxals\u00e4urebehandlung.<\/p>\n<p>Alle Imker m\u00fcssen mit diesem Sch\u00e4dling leben. Wir hoffen das die Forschung in naher Zukunft Wege findet, um diesen Sch\u00e4dling besser zu bek\u00e4mpfen oder sogar auszurotten.<\/p>\n<p>\u00a0\u00a0Alle Bilder: pixabay<br \/>\n\t\t\t\t\t\t\t\t\t\t\t\t\t\t\t<img decoding=\"async\" width=\"1024\" height=\"683\" src=\"https:\/\/neusser-gold.de\/wp-content\/uploads\/2023\/01\/honeybee-7339727_1920-1024x683.jpg\" alt=\"\" loading=\"lazy\" srcset=\"https:\/\/neusser-gold.de\/wp-content\/uploads\/2023\/01\/honeybee-7339727_1920-1024x683.jpg 1024w, https:\/\/neusser-gold.de\/wp-content\/uploads\/2023\/01\/honeybee-7339727_1920-300x200.jpg 300w, https:\/\/neusser-gold.de\/wp-content\/uploads\/2023\/01\/honeybee-7339727_1920-768x512.jpg 768w, https:\/\/neusser-gold.de\/wp-content\/uploads\/2023\/01\/honeybee-7339727_1920-1536x1024.jpg 1536w, https:\/\/neusser-gold.de\/wp-content\/uploads\/2023\/01\/honeybee-7339727_1920.jpg 1920w\" sizes=\"auto, (max-width: 1024px) 100vw, 1024px\" \/><\/p>\n","protected":false},"excerpt":{"rendered":"<p>Das Bienenvolk (oder der \u201aBien\u2018) Ein Volk von Honigbienen, auch Bien genannt, besteht zur Hochsaison Mitte Mai aus bis zu 50.000 Bienen. Was auf den ersten Blick wie ein heilloses Durcheinander wirkt, ist in Wahrheit ein durchorganisierter Superorganismus, in dem sich alle bedingungslos hinter ein Ziel stellen, das \u00dcberleben des Bienenvolks zu sichern. Alle Mitglieder [&hellip;]<\/p>\n","protected":false},"author":1,"featured_media":0,"parent":85,"menu_order":0,"comment_status":"closed","ping_status":"closed","template":"","meta":{"ocean_post_layout":"","ocean_both_sidebars_style":"","ocean_both_sidebars_content_width":0,"ocean_both_sidebars_sidebars_width":0,"ocean_sidebar":"","ocean_second_sidebar":"","ocean_disable_margins":"enable","ocean_add_body_class":"","ocean_shortcode_before_top_bar":"","ocean_shortcode_after_top_bar":"","ocean_shortcode_before_header":"","ocean_shortcode_after_header":"","ocean_has_shortcode":"","ocean_shortcode_after_title":"","ocean_shortcode_before_footer_widgets":"","ocean_shortcode_after_footer_widgets":"","ocean_shortcode_before_footer_bottom":"","ocean_shortcode_after_footer_bottom":"","ocean_display_top_bar":"default","ocean_display_header":"default","ocean_header_style":"","ocean_center_header_left_menu":"","ocean_custom_header_template":"","ocean_custom_logo":0,"ocean_custom_retina_logo":0,"ocean_custom_logo_max_width":0,"ocean_custom_logo_tablet_max_width":0,"ocean_custom_logo_mobile_max_width":0,"ocean_custom_logo_max_height":0,"ocean_custom_logo_tablet_max_height":0,"ocean_custom_logo_mobile_max_height":0,"ocean_header_custom_menu":"","ocean_menu_typo_font_family":"","ocean_menu_typo_font_subset":"","ocean_menu_typo_font_size":0,"ocean_menu_typo_font_size_tablet":0,"ocean_menu_typo_font_size_mobile":0,"ocean_menu_typo_font_size_unit":"px","ocean_menu_typo_font_weight":"","ocean_menu_typo_font_weight_tablet":"","ocean_menu_typo_font_weight_mobile":"","ocean_menu_typo_transform":"","ocean_menu_typo_transform_tablet":"","ocean_menu_typo_transform_mobile":"","ocean_menu_typo_line_height":0,"ocean_menu_typo_line_height_tablet":0,"ocean_menu_typo_line_height_mobile":0,"ocean_menu_typo_line_height_unit":"","ocean_menu_typo_spacing":0,"ocean_menu_typo_spacing_tablet":0,"ocean_menu_typo_spacing_mobile":0,"ocean_menu_typo_spacing_unit":"","ocean_menu_link_color":"","ocean_menu_link_color_hover":"","ocean_menu_link_color_active":"","ocean_menu_link_background":"","ocean_menu_link_hover_background":"","ocean_menu_link_active_background":"","ocean_menu_social_links_bg":"","ocean_menu_social_hover_links_bg":"","ocean_menu_social_links_color":"","ocean_menu_social_hover_links_color":"","ocean_disable_title":"default","ocean_disable_heading":"default","ocean_post_title":"","ocean_post_subheading":"","ocean_post_title_style":"","ocean_post_title_background_color":"","ocean_post_title_background":0,"ocean_post_title_bg_image_position":"","ocean_post_title_bg_image_attachment":"","ocean_post_title_bg_image_repeat":"","ocean_post_title_bg_image_size":"","ocean_post_title_height":0,"ocean_post_title_bg_overlay":0.5,"ocean_post_title_bg_overlay_color":"","ocean_disable_breadcrumbs":"default","ocean_breadcrumbs_color":"","ocean_breadcrumbs_separator_color":"","ocean_breadcrumbs_links_color":"","ocean_breadcrumbs_links_hover_color":"","ocean_display_footer_widgets":"default","ocean_display_footer_bottom":"default","ocean_custom_footer_template":"","footnotes":""},"class_list":["post-142","page","type-page","status-publish","hentry","entry"],"_links":{"self":[{"href":"https:\/\/neusser-gold.de\/index.php?rest_route=\/wp\/v2\/pages\/142","targetHints":{"allow":["GET"]}}],"collection":[{"href":"https:\/\/neusser-gold.de\/index.php?rest_route=\/wp\/v2\/pages"}],"about":[{"href":"https:\/\/neusser-gold.de\/index.php?rest_route=\/wp\/v2\/types\/page"}],"author":[{"embeddable":true,"href":"https:\/\/neusser-gold.de\/index.php?rest_route=\/wp\/v2\/users\/1"}],"replies":[{"embeddable":true,"href":"https:\/\/neusser-gold.de\/index.php?rest_route=%2Fwp%2Fv2%2Fcomments&post=142"}],"version-history":[{"count":64,"href":"https:\/\/neusser-gold.de\/index.php?rest_route=\/wp\/v2\/pages\/142\/revisions"}],"predecessor-version":[{"id":969,"href":"https:\/\/neusser-gold.de\/index.php?rest_route=\/wp\/v2\/pages\/142\/revisions\/969"}],"up":[{"embeddable":true,"href":"https:\/\/neusser-gold.de\/index.php?rest_route=\/wp\/v2\/pages\/85"}],"wp:attachment":[{"href":"https:\/\/neusser-gold.de\/index.php?rest_route=%2Fwp%2Fv2%2Fmedia&parent=142"}],"curies":[{"name":"wp","href":"https:\/\/api.w.org\/{rel}","templated":true}]}}