{"id":167,"date":"2022-03-15T11:53:57","date_gmt":"2022-03-15T11:53:57","guid":{"rendered":"https:\/\/neusser-gold.de\/?page_id=167"},"modified":"2023-01-26T06:57:49","modified_gmt":"2023-01-26T05:57:49","slug":"lebenszyklus-einer-biene","status":"publish","type":"page","link":"https:\/\/neusser-gold.de\/?page_id=167","title":{"rendered":"Lebenszyklus einer Biene"},"content":{"rendered":"<p>Das Leben einer Bienen im Sommer ist nur sehr kurz und nach rund f\u00fcnf Wochen wieder zu Ende.<\/p>\n<p>In dieser Zeit hat die Biene aber eine Vielzahl von Aufgaben im Bienenstock.<\/p>\n<p>Unmittelbar nach dem Schlupf in den ersten beiden Tagen ihres Lebens k\u00fcmmern die jungen Bienen sich als <b>Putzbienen <\/b>um Wabenzellen und reinigen sie f\u00fcr die n\u00e4chste Brut.<\/p>\n<p>Sp\u00e4ter bis zum 6. Tag sind die Bienen dann f\u00fcr das <b>F\u00fcttern der Maden<\/b> zust\u00e4ndig. Sie bereiten dazu ein Mischung aus Honig und Bl\u00fctenpollen zu. Danach entwickeln sich dann die Futtersaftdr\u00fcsen der Arbeiterin und sie produzieren bis zum 12. Tag ihres Lebens das \u201a<b>Gel\u00e9e Royale<\/b>\u2018, mit dem die jungen Larven gef\u00fcttert werden. Zuk\u00fcnftige K\u00f6niginnen werden ausschlie\u00dflich mit diesem Gel\u00e9e Royale gef\u00fcttert.<\/p>\n<p>Ab dem 13. Lebenstag bilden sich die <b>Futtersaftdr\u00fcsen<\/b> schon wieder zur\u00fcck. Daf\u00fcr beginnen nun die Wachsdr\u00fcsen am Hinterleib der Arbeiterin aktiv zu werden und scheiden <b>Wachspl\u00e4ttchen<\/b> ab. Diese dienen der Arbeiterin als Bausteine, denn nun \u00fcbt sie den Beruf einer \u201e<b>Baubiene<\/b>\u201c aus. Mit den Wachspl\u00e4ttchen repariert sie besch\u00e4digte Zellen, verdeckelt die Honig- und Larvenzellen und baut neue Waben.<\/p>\n<p>Ab dem 18. Tag bilden sich auch die Wachsdr\u00fcsen zur\u00fcck. Daf\u00fcr sind jetzt die Giftdr\u00fcsen der Arbeiterin ausgebildet und die Biene bewacht als <b>W\u00e4chterbiene<\/b> das Flugloch. In dieser Zeit unternimmt sie auch die ersten Ausfl\u00fcge in die unmittelbare Umgebung des Bienenstocks und fliegt sich ein.<\/p>\n<p>In den verbleibenden drei Wochen ihres kurzen Lebens sammelt die Arbeiterin als <b>Flugbiene<\/b> Pollen, Nektar, gegebenenfalls Wasser oder Kittharz ein.<\/p>\n<style>\/*! elementor - v3.10.1 - 17-01-2023 *\/\n.elementor-widget-image{text-align:center}.elementor-widget-image a{display:inline-block}.elementor-widget-image a img[src$=\".svg\"]{width:48px}.elementor-widget-image img{vertical-align:middle;display:inline-block}<\/style>\n<p>\t\t\t\t\t\t\t\t\t\t\t\t<img decoding=\"async\" width=\"838\" height=\"1024\" src=\"https:\/\/neusser-gold.de\/wp-content\/uploads\/2023\/01\/X_Ersatz-838x1024.png\" alt=\"\" loading=\"lazy\" srcset=\"https:\/\/neusser-gold.de\/wp-content\/uploads\/2023\/01\/X_Ersatz-838x1024.png 838w, https:\/\/neusser-gold.de\/wp-content\/uploads\/2023\/01\/X_Ersatz-246x300.png 246w, https:\/\/neusser-gold.de\/wp-content\/uploads\/2023\/01\/X_Ersatz-768x938.png 768w, https:\/\/neusser-gold.de\/wp-content\/uploads\/2023\/01\/X_Ersatz.png 1030w\" sizes=\"auto, (max-width: 838px) 100vw, 838px\" \/><\/p>\n","protected":false},"excerpt":{"rendered":"<p>Das Leben einer Bienen im Sommer ist nur sehr kurz und nach rund f\u00fcnf Wochen wieder zu Ende. In dieser Zeit hat die Biene aber eine Vielzahl von Aufgaben im Bienenstock. Unmittelbar nach dem Schlupf in den ersten beiden Tagen ihres Lebens k\u00fcmmern die jungen Bienen sich als Putzbienen um Wabenzellen und reinigen sie f\u00fcr [&hellip;]<\/p>\n","protected":false},"author":1,"featured_media":0,"parent":85,"menu_order":0,"comment_status":"closed","ping_status":"closed","template":"","meta":{"ocean_post_layout":"","ocean_both_sidebars_style":"","ocean_both_sidebars_content_width":0,"ocean_both_sidebars_sidebars_width":0,"ocean_sidebar":"","ocean_second_sidebar":"","ocean_disable_margins":"enable","ocean_add_body_class":"","ocean_shortcode_before_top_bar":"","ocean_shortcode_after_top_bar":"","ocean_shortcode_before_header":"","ocean_shortcode_after_header":"","ocean_has_shortcode":"","ocean_shortcode_after_title":"","ocean_shortcode_before_footer_widgets":"","ocean_shortcode_after_footer_widgets":"","ocean_shortcode_before_footer_bottom":"","ocean_shortcode_after_footer_bottom":"","ocean_display_top_bar":"default","ocean_display_header":"default","ocean_header_style":"","ocean_center_header_left_menu":"","ocean_custom_header_template":"","ocean_custom_logo":0,"ocean_custom_retina_logo":0,"ocean_custom_logo_max_width":0,"ocean_custom_logo_tablet_max_width":0,"ocean_custom_logo_mobile_max_width":0,"ocean_custom_logo_max_height":0,"ocean_custom_logo_tablet_max_height":0,"ocean_custom_logo_mobile_max_height":0,"ocean_header_custom_menu":"","ocean_menu_typo_font_family":"","ocean_menu_typo_font_subset":"","ocean_menu_typo_font_size":0,"ocean_menu_typo_font_size_tablet":0,"ocean_menu_typo_font_size_mobile":0,"ocean_menu_typo_font_size_unit":"px","ocean_menu_typo_font_weight":"","ocean_menu_typo_font_weight_tablet":"","ocean_menu_typo_font_weight_mobile":"","ocean_menu_typo_transform":"","ocean_menu_typo_transform_tablet":"","ocean_menu_typo_transform_mobile":"","ocean_menu_typo_line_height":0,"ocean_menu_typo_line_height_tablet":0,"ocean_menu_typo_line_height_mobile":0,"ocean_menu_typo_line_height_unit":"","ocean_menu_typo_spacing":0,"ocean_menu_typo_spacing_tablet":0,"ocean_menu_typo_spacing_mobile":0,"ocean_menu_typo_spacing_unit":"","ocean_menu_link_color":"","ocean_menu_link_color_hover":"","ocean_menu_link_color_active":"","ocean_menu_link_background":"","ocean_menu_link_hover_background":"","ocean_menu_link_active_background":"","ocean_menu_social_links_bg":"","ocean_menu_social_hover_links_bg":"","ocean_menu_social_links_color":"","ocean_menu_social_hover_links_color":"","ocean_disable_title":"default","ocean_disable_heading":"default","ocean_post_title":"","ocean_post_subheading":"","ocean_post_title_style":"","ocean_post_title_background_color":"","ocean_post_title_background":0,"ocean_post_title_bg_image_position":"","ocean_post_title_bg_image_attachment":"","ocean_post_title_bg_image_repeat":"","ocean_post_title_bg_image_size":"","ocean_post_title_height":0,"ocean_post_title_bg_overlay":0.5,"ocean_post_title_bg_overlay_color":"","ocean_disable_breadcrumbs":"default","ocean_breadcrumbs_color":"","ocean_breadcrumbs_separator_color":"","ocean_breadcrumbs_links_color":"","ocean_breadcrumbs_links_hover_color":"","ocean_display_footer_widgets":"default","ocean_display_footer_bottom":"default","ocean_custom_footer_template":"","footnotes":""},"class_list":["post-167","page","type-page","status-publish","hentry","entry"],"_links":{"self":[{"href":"https:\/\/neusser-gold.de\/index.php?rest_route=\/wp\/v2\/pages\/167","targetHints":{"allow":["GET"]}}],"collection":[{"href":"https:\/\/neusser-gold.de\/index.php?rest_route=\/wp\/v2\/pages"}],"about":[{"href":"https:\/\/neusser-gold.de\/index.php?rest_route=\/wp\/v2\/types\/page"}],"author":[{"embeddable":true,"href":"https:\/\/neusser-gold.de\/index.php?rest_route=\/wp\/v2\/users\/1"}],"replies":[{"embeddable":true,"href":"https:\/\/neusser-gold.de\/index.php?rest_route=%2Fwp%2Fv2%2Fcomments&post=167"}],"version-history":[{"count":10,"href":"https:\/\/neusser-gold.de\/index.php?rest_route=\/wp\/v2\/pages\/167\/revisions"}],"predecessor-version":[{"id":910,"href":"https:\/\/neusser-gold.de\/index.php?rest_route=\/wp\/v2\/pages\/167\/revisions\/910"}],"up":[{"embeddable":true,"href":"https:\/\/neusser-gold.de\/index.php?rest_route=\/wp\/v2\/pages\/85"}],"wp:attachment":[{"href":"https:\/\/neusser-gold.de\/index.php?rest_route=%2Fwp%2Fv2%2Fmedia&parent=167"}],"curies":[{"name":"wp","href":"https:\/\/api.w.org\/{rel}","templated":true}]}}