{"id":51,"date":"2022-03-15T11:36:35","date_gmt":"2022-03-15T11:36:35","guid":{"rendered":"https:\/\/neusser-gold.de\/?page_id=51"},"modified":"2023-01-26T17:50:06","modified_gmt":"2023-01-26T16:50:06","slug":"unsere-bienenwachsprodukte","status":"publish","type":"page","link":"https:\/\/neusser-gold.de\/?page_id=51","title":{"rendered":"Unsere Bienenwachsprodukte"},"content":{"rendered":"<style>\/*! elementor - v3.10.1 - 17-01-2023 *\/\n.elementor-widget-image{text-align:center}.elementor-widget-image a{display:inline-block}.elementor-widget-image a img[src$=\".svg\"]{width:48px}.elementor-widget-image img{vertical-align:middle;display:inline-block}<\/style>\n<p>\t\t\t\t\t\t\t\t\t\t\t\t<img decoding=\"async\" width=\"1024\" height=\"83\" src=\"https:\/\/neusser-gold.de\/wp-content\/uploads\/2022\/03\/Header_Wachs-1024x83.jpg\" alt=\"\" loading=\"lazy\" srcset=\"https:\/\/neusser-gold.de\/wp-content\/uploads\/2022\/03\/Header_Wachs-1024x83.jpg 1024w, https:\/\/neusser-gold.de\/wp-content\/uploads\/2022\/03\/Header_Wachs-300x24.jpg 300w, https:\/\/neusser-gold.de\/wp-content\/uploads\/2022\/03\/Header_Wachs-768x62.jpg 768w, https:\/\/neusser-gold.de\/wp-content\/uploads\/2022\/03\/Header_Wachs.jpg 1196w\" sizes=\"auto, (max-width: 1024px) 100vw, 1024px\" \/>\t\t\t\t\t\t\t\t\t\t\t\t\t\t\t<\/p>\n<p><b>BIENENWACHS \u2013 ein Geschenk der Natur!<\/b><\/p>\n<p>Bienenwachs direkt vom Imker:<\/p>\n<ul>\n<li>100% reines Bienenwachs<\/li>\n<li>R\u00fcckstandsfrei, garantiert keine Zus\u00e4tze<\/li>\n<li>Eigene Ernte und Verarbeitung<\/li>\n<li>Zur Pflege von Musikinstrumenten oder M\u00f6beln<\/li>\n<li>Zur Pflege der H\u00e4nde<\/li>\n<li>F\u00fcr Cremes, Salben oder Lippenstifte zur eigenen Herstellung<\/li>\n<\/ul>\n<figure>\n\t\t\t\t\t\t\t\t\t\t<img decoding=\"async\" width=\"1024\" height=\"713\" src=\"https:\/\/neusser-gold.de\/wp-content\/uploads\/2023\/01\/Wachsgranulat_frei-1024x713.png\" alt=\"\" loading=\"lazy\" srcset=\"https:\/\/neusser-gold.de\/wp-content\/uploads\/2023\/01\/Wachsgranulat_frei-1024x713.png 1024w, https:\/\/neusser-gold.de\/wp-content\/uploads\/2023\/01\/Wachsgranulat_frei-300x209.png 300w, https:\/\/neusser-gold.de\/wp-content\/uploads\/2023\/01\/Wachsgranulat_frei-768x535.png 768w, https:\/\/neusser-gold.de\/wp-content\/uploads\/2023\/01\/Wachsgranulat_frei.png 1295w\" sizes=\"auto, (max-width: 1024px) 100vw, 1024px\" \/><figcaption>                                                    Reines Wachsgranulat aus eigener Herstellung. Wachs ist gebrochen, nicht industriell in Pastillen gegossen! 100g<\/figcaption><\/figure>\n<figure>\n\t\t\t\t\t\t\t\t\t\t<img decoding=\"async\" width=\"813\" height=\"841\" src=\"https:\/\/neusser-gold.de\/wp-content\/uploads\/2022\/03\/Kerze_Korb.jpg\" alt=\"\" loading=\"lazy\" srcset=\"https:\/\/neusser-gold.de\/wp-content\/uploads\/2022\/03\/Kerze_Korb.jpg 813w, https:\/\/neusser-gold.de\/wp-content\/uploads\/2022\/03\/Kerze_Korb-290x300.jpg 290w, https:\/\/neusser-gold.de\/wp-content\/uploads\/2022\/03\/Kerze_Korb-768x794.jpg 768w\" sizes=\"auto, (max-width: 813px) 100vw, 813px\" \/><figcaption>Bienenwachskerze Bienenkorb. ca. 5cm hoch<\/figcaption><\/figure>\n<figure>\n\t\t\t\t\t\t\t\t\t\t<img decoding=\"async\" width=\"954\" height=\"869\" src=\"https:\/\/neusser-gold.de\/wp-content\/uploads\/2023\/01\/Wachsbarren_frei_cut.png\" alt=\"\" loading=\"lazy\" srcset=\"https:\/\/neusser-gold.de\/wp-content\/uploads\/2023\/01\/Wachsbarren_frei_cut.png 954w, https:\/\/neusser-gold.de\/wp-content\/uploads\/2023\/01\/Wachsbarren_frei_cut-300x273.png 300w, https:\/\/neusser-gold.de\/wp-content\/uploads\/2023\/01\/Wachsbarren_frei_cut-768x700.png 768w\" sizes=\"auto, (max-width: 954px) 100vw, 954px\" \/><figcaption>Wachsblock, eigene Herstellung. Ideal zur Pflege von wertvollen M\u00f6belst\u00fccken oder Musikinstrumenten. Barren \u00e1 100g<\/figcaption><\/figure>\n<figure>\n\t\t\t\t\t\t\t\t\t\t<img decoding=\"async\" width=\"320\" height=\"320\" src=\"https:\/\/neusser-gold.de\/wp-content\/uploads\/2022\/03\/Kerze_Engel.jpg\" alt=\"\" loading=\"lazy\" srcset=\"https:\/\/neusser-gold.de\/wp-content\/uploads\/2022\/03\/Kerze_Engel.jpg 320w, https:\/\/neusser-gold.de\/wp-content\/uploads\/2022\/03\/Kerze_Engel-300x300.jpg 300w, https:\/\/neusser-gold.de\/wp-content\/uploads\/2022\/03\/Kerze_Engel-150x150.jpg 150w\" sizes=\"auto, (max-width: 320px) 100vw, 320px\" \/><figcaption>Bienenwachskerze Engel, ca. 5cm hoch<\/figcaption><\/figure>\n<style>\/*! elementor - v3.10.1 - 17-01-2023 *\/\n.elementor-column .elementor-spacer-inner{height:var(--spacer-size)}.e-con{--container-widget-width:100%}.e-con-inner>.elementor-widget-spacer,.e-con>.elementor-widget-spacer{width:var(--container-widget-width,var(--spacer-size));--align-self:var(--container-widget-align-self,initial);--flex-shrink:0}.e-con-inner>.elementor-widget-spacer>.elementor-widget-container,.e-con-inner>.elementor-widget-spacer>.elementor-widget-container>.elementor-spacer,.e-con>.elementor-widget-spacer>.elementor-widget-container,.e-con>.elementor-widget-spacer>.elementor-widget-container>.elementor-spacer{height:100%}.e-con-inner>.elementor-widget-spacer>.elementor-widget-container>.elementor-spacer>.elementor-spacer-inner,.e-con>.elementor-widget-spacer>.elementor-widget-container>.elementor-spacer>.elementor-spacer-inner{height:var(--container-widget-height,var(--spacer-size))}<\/style>\n<p><strong>Unsere Bienenwachskerzen bestehen aus 100% Bienenwachs und werden in liebevoller Handarbeit gefertigt. Sie sind frei von Zus\u00e4tzen und Duftstoffen und haben eine lange Brenndauer<\/strong><\/p>\n","protected":false},"excerpt":{"rendered":"<p>BIENENWACHS \u2013 ein Geschenk der Natur! Bienenwachs direkt vom Imker: 100% reines Bienenwachs R\u00fcckstandsfrei, garantiert keine Zus\u00e4tze Eigene Ernte und Verarbeitung Zur Pflege von Musikinstrumenten oder M\u00f6beln Zur Pflege der H\u00e4nde F\u00fcr Cremes, Salben oder Lippenstifte zur eigenen Herstellung Reines Wachsgranulat aus eigener Herstellung. Wachs ist gebrochen, nicht industriell in Pastillen gegossen! 100g Bienenwachskerze Bienenkorb. [&hellip;]<\/p>\n","protected":false},"author":1,"featured_media":0,"parent":75,"menu_order":0,"comment_status":"closed","ping_status":"closed","template":"","meta":{"ocean_post_layout":"","ocean_both_sidebars_style":"","ocean_both_sidebars_content_width":0,"ocean_both_sidebars_sidebars_width":0,"ocean_sidebar":"","ocean_second_sidebar":"","ocean_disable_margins":"enable","ocean_add_body_class":"","ocean_shortcode_before_top_bar":"","ocean_shortcode_after_top_bar":"","ocean_shortcode_before_header":"","ocean_shortcode_after_header":"","ocean_has_shortcode":"","ocean_shortcode_after_title":"","ocean_shortcode_before_footer_widgets":"","ocean_shortcode_after_footer_widgets":"","ocean_shortcode_before_footer_bottom":"","ocean_shortcode_after_footer_bottom":"","ocean_display_top_bar":"default","ocean_display_header":"default","ocean_header_style":"","ocean_center_header_left_menu":"","ocean_custom_header_template":"","ocean_custom_logo":0,"ocean_custom_retina_logo":0,"ocean_custom_logo_max_width":0,"ocean_custom_logo_tablet_max_width":0,"ocean_custom_logo_mobile_max_width":0,"ocean_custom_logo_max_height":0,"ocean_custom_logo_tablet_max_height":0,"ocean_custom_logo_mobile_max_height":0,"ocean_header_custom_menu":"","ocean_menu_typo_font_family":"","ocean_menu_typo_font_subset":"","ocean_menu_typo_font_size":0,"ocean_menu_typo_font_size_tablet":0,"ocean_menu_typo_font_size_mobile":0,"ocean_menu_typo_font_size_unit":"px","ocean_menu_typo_font_weight":"","ocean_menu_typo_font_weight_tablet":"","ocean_menu_typo_font_weight_mobile":"","ocean_menu_typo_transform":"","ocean_menu_typo_transform_tablet":"","ocean_menu_typo_transform_mobile":"","ocean_menu_typo_line_height":0,"ocean_menu_typo_line_height_tablet":0,"ocean_menu_typo_line_height_mobile":0,"ocean_menu_typo_line_height_unit":"","ocean_menu_typo_spacing":0,"ocean_menu_typo_spacing_tablet":0,"ocean_menu_typo_spacing_mobile":0,"ocean_menu_typo_spacing_unit":"","ocean_menu_link_color":"","ocean_menu_link_color_hover":"","ocean_menu_link_color_active":"","ocean_menu_link_background":"","ocean_menu_link_hover_background":"","ocean_menu_link_active_background":"","ocean_menu_social_links_bg":"","ocean_menu_social_hover_links_bg":"","ocean_menu_social_links_color":"","ocean_menu_social_hover_links_color":"","ocean_disable_title":"default","ocean_disable_heading":"default","ocean_post_title":"","ocean_post_subheading":"","ocean_post_title_style":"","ocean_post_title_background_color":"","ocean_post_title_background":0,"ocean_post_title_bg_image_position":"","ocean_post_title_bg_image_attachment":"","ocean_post_title_bg_image_repeat":"","ocean_post_title_bg_image_size":"","ocean_post_title_height":0,"ocean_post_title_bg_overlay":0.5,"ocean_post_title_bg_overlay_color":"","ocean_disable_breadcrumbs":"default","ocean_breadcrumbs_color":"","ocean_breadcrumbs_separator_color":"","ocean_breadcrumbs_links_color":"","ocean_breadcrumbs_links_hover_color":"","ocean_display_footer_widgets":"default","ocean_display_footer_bottom":"default","ocean_custom_footer_template":"","footnotes":""},"class_list":["post-51","page","type-page","status-publish","hentry","entry"],"_links":{"self":[{"href":"https:\/\/neusser-gold.de\/index.php?rest_route=\/wp\/v2\/pages\/51","targetHints":{"allow":["GET"]}}],"collection":[{"href":"https:\/\/neusser-gold.de\/index.php?rest_route=\/wp\/v2\/pages"}],"about":[{"href":"https:\/\/neusser-gold.de\/index.php?rest_route=\/wp\/v2\/types\/page"}],"author":[{"embeddable":true,"href":"https:\/\/neusser-gold.de\/index.php?rest_route=\/wp\/v2\/users\/1"}],"replies":[{"embeddable":true,"href":"https:\/\/neusser-gold.de\/index.php?rest_route=%2Fwp%2Fv2%2Fcomments&post=51"}],"version-history":[{"count":22,"href":"https:\/\/neusser-gold.de\/index.php?rest_route=\/wp\/v2\/pages\/51\/revisions"}],"predecessor-version":[{"id":991,"href":"https:\/\/neusser-gold.de\/index.php?rest_route=\/wp\/v2\/pages\/51\/revisions\/991"}],"up":[{"embeddable":true,"href":"https:\/\/neusser-gold.de\/index.php?rest_route=\/wp\/v2\/pages\/75"}],"wp:attachment":[{"href":"https:\/\/neusser-gold.de\/index.php?rest_route=%2Fwp%2Fv2%2Fmedia&parent=51"}],"curies":[{"name":"wp","href":"https:\/\/api.w.org\/{rel}","templated":true}]}}